**2 + 4*x - 5. Let o(f) = f**3 + 15*f**2 - 21*f + 26. Let v(u) = -11*k(u) - 2*o(u). Suppose -q - 21 + 23 = 0. Calculate v(q).
-5
Let v(j) = -j - 4. Let h(t) = 0*t**2 - 2*t**2 + 5*t - 3 + t**2 + 2*t**2. Let u be h(-5). Calculate v(u).
-1
Let s(f) be the first derivative of 3*f**2/2 - 2*f - 1. Determine s(-3).
-11
Let y(z) = -z**2 + 6*z - 5. Let t be y(5). Let p(g) = -g**2 + 3. What is p(t)?
3
Let d = 101 + -99. Let p(f) = -f**2 + f - 2. Give p(d).
-4
Let m(w) = w**3 - 5*w**2 + 3*w - 5. Let x(k) = -k**3 + 9*k**2 - 5*k + 9. Let i(d) = -5*m(d) - 3*x(d). Give i(-2).
6
Let b(c) = 23*c - 20*c - 2 + 2. Calculate b(5).
15
Let w(c) = c + 1. Suppose 3*j + 6 = 4*j - 2*h, -2*j + 8 = -2*h. Determine w(j).
3
Suppose 5*j - 34 = h, 2*j - 2*h - 17 = -5*h. Suppose 3*y = -2 - j. Let c(v) = v + 7. Calculate c(y).
4
Suppose 0 = a - 6*a + 35. Let v = 12 - a. Let b(i) = -i**2 + 5*i - 1. What is b(v)?
-1
Suppose 3*k + 7 = 1. Let h be (0 - k)/(1/2). Let y(u) = u - 1. Let l(p) = p - 2. Let w(x) = -3*l(x) + 4*y(x). Determine w(h).
6
Let j(q) = -3*q - 1. Let b be j(1). Let y(i) = 3*i**2 - 4*i + 9. Let p(m) = m**2 - m. Let a(u) = b*p(u) + y(u). Calculate a(0).
9
Let s(i) be the second derivative of i**3 - i**2/2 + 30*i. Determine s(-1).
-7
Let q(a) = -a**2 + 5*a + 8. Let o be q(6). Let i(x) = 2*x**3 - 2*x**2 - x - 1. Give i(o).
5
Let z(d) = -3*d + 2 + 0*d - d - 1. Give z(1).
-3
Suppose -4*b + 0*b = -8. Let i be (-3 + b)/((-1)/2). Let q(x) = 3*x - 3*x + x**i - 5*x + 2 + x. Determine q(4).
2
Let r(z) = -z + 11. Let d(w) = -w + 11. Let k(h) = 7*d(h) - 6*r(h). What is k(7)?
4
Let p be 6/(-15) + 28/(-5). Let w(x) = 9*x**2 + 15*x - 7. Let d(s) = -4*s**2 - 7*s + 4. Let b(m) = -7*d(m) - 3*w(m). Give b(p).
5
Let s(k) be the third derivative of -1/24*k**4 + 0 - k**2 - 1/6*k**3 + 0*k. Give s(0).
-1
Let g(v) = 0*v**2 + v**3 + 1 - 5 + 3 + 3*v**2. Calculate g(-3).
-1
Let o(w) = 2*w**2 + 3*w + 2. Let c(n) = -n**3 + 2*n**2 + 3*n + 3. Let f be c(3). Suppose -5*x + 0*k - 4*k = 18, 0 = -f*x + 3*k. Determine o(x).
4
Let l(r) = 13*r**2 - 14*r - 2. Let x(z) = 7*z**2 - 7*z - 1. Let t(p) = -6*l(p) + 11*x(p). Give t(6).
7
Let t(f) = f**3 + 7*f**2 + 5*f - 4. Let l = -101 + 95. Determine t(l).
2
Suppose -p + 6 = 5. Let g(x) = -x**2 + x - 1. What is g(p)?
-1
Let j = 5 - 2. Let i(v) = -v. Let r(z) = 6*z + 4. Let f(a) = -11*a - 9. Let w(p) = 4*f(p) + 7*r(p). Let s(u) = j*i(u) - w(u). Give s(0).
8
Let q = 17 - 19. Let v(w) = w**3 + 2*w**2 - w - 1. What is v(q)?
1
Let l(p) be the third derivative of -p**4/24 + p**3/3 - 9*p**2. Give l(-4).
6
Let t(o) be the second derivative of o**3/6 + 5*o**2 + o. Suppose f - 25 = -4*f. Suppose -25 = 2*j - 3*q, f*q + 3 = -2*j + 18. Determine t(j).
5
Let l(b) be the second derivative of b**4/12 + b**3 - b**2/2 + 19*b. Calculate l(-6).
-1
Let x(d) be the first derivative of -d**4/4 - 4*d**3/3 + 2*d**2 - 3*d + 5. Calculate x(-4).
-19
Suppose -3*k = -4*k. Let y(d) = -7 + 0*d**2 + k + 8*d - d**2. Give y(6).
5
Let s(j) be the third derivative of -j**6/120 + 3*j**5/20 - 7*j**4/24 - j**3/3 - 56*j**2. Determine s(8).
6
Suppose 2*v = 4 - 0. Let f(s) be the third derivative of 1/60*s**5 - 1/2*s**3 + 0 - 1/120*s**6 - 2*s**2 + 0*s + 1/8*s**4. What is f(v)?
-1
Suppose -2*m + 2 = -4*m. Let j(t) be the first derivative of t**4 - t**2/2 - t - 5. Give j(m).
-4
Let f(v) = -3*v**2 + 3*v + 2*v**2 - 9*v**3 - 2*v - v**2. Suppose -2*c + 7 = l, 5*l = 3*c + 6 + 16. Give f(c).
-10
Let x(n) = -2*n**2 + 5*n - 3. Let s(l) = -4*l**3 - l**2 + l + 1. Let i be s(-1). Suppose -3 - i = 4*t + 2*w, -3*t + w = 2. Let k = t - -4. Give x(k).
-6
Let p(a) = -a**2 - 8*a + 4. Suppose 5*u + 4 = 2*i, -4*u + u = 6. Let b(q) = -2*q**2 - 8*q + 5. Let o(y) = i*p(y) + 2*b(y). Give o(6).
10
Suppose 0*x - 24 = -8*x. Let r(c) = -2*c + 3. Calculate r(x).
-3
Let c(k) be the first derivative of -k**4/4 + k**3 - 3*k**2/2 + 1. Let x(o) = -o**3 - 5*o**2 + 7*o + 8. Suppose u = 6*u + 30. Let f be x(u). Determine c(f).
-2
Let t(j) = 9*j**2 - 3*j + 5. Suppose -2*f + 15 = 2*y - 7*y, -f = y + 3. Let u(o) = 4*o**2 - o + 2. Let s(m) = y*t(m) + 7*u(m). Give s(1).
2
Suppose -3*z + m = -8*z + 3, 0 = -4*z - 5*m + 15. Suppose 5*w - 13 = -4*d, -4*d + 5*w - w + 40 = z. Let h(i) = -2*i + 6. Determine h(d).
-8
Let i(o) = o**3 - 12*o**2 + 2*o - 24. Let b be i(12). Let q(s) = -s**2 - s - 9. Determine q(b).
-9
Let z(g) be the third derivative of 0 + 1/120*g**5 - 1/12*g**4 + 0*g + 0*g**3 + 1/360*g**6 - 3*g**2. Let j(w) be the second derivative of z(w). Give j(-4).
-7
Let j = 19 - 18. Suppose 5*z = -29 - j. Let l(k) = k + 4. What is l(z)?
-2
Let l(g) = -g - 10. Let d be (-124)/(-32) - (-2)/16. Suppose 9 = 3*b - 5*c + 30, d*c - 21 = 3*b. Give l(b).
-3
Let q(l) = -l**2 + 6*l - 3. Let c be q(6). Let g = 7 + c. Let h(w) = -w**2 + 4*w - 2. Give h(g).
-2
Let q(n) = -1. Let w(x) = 2*x**3 + x**2 + x - 4. Let l(m) = 5*q(m) - w(m). What is l(-1)?
1
Let p(f) be the third derivative of 1/12*f**5 - 1/24*f**4 + 0 + 0*f + 2*f**2 + 0*f**3. Calculate p(-1).
6
Let b(k) = -k. Let i be b(0). Let d(y) = 2*y**3 - 2*y**3 - 1 - y**3 - 2 + y**2. Determine d(i).
-3
Let a(w) = w - 4. Let h(y) = 3*y - 12. Suppose -11 - 17 = -4*g. Let q(f) = g*a(f) - 2*h(f). Let x = -6 + 11. Give q(x).
1
Let a(h) = -h + 5. Let x(c) = -c + 6. Let l(v) = -4*a(v) + 3*x(v). Give l(-4).
-6
Let x(j) = j**2 + 7*j - 1. Let w be (-18)/(6/(-2 + -1)). Suppose 3*m = w, -5*g + 4*g + 6 = 4*m. Calculate x(g).
-7
Suppose -2*a + 8 = 0, 10 = n - 3*a + 5*a. Let j be (n/6)/(12/108). Let g(c) = c - 4. What is g(j)?
-1
Let i(h) be the second derivative of h**4/12 + 3*h**3/2 + 3*h**2 + 26*h. What is i(-6)?
-12
Let i(w) = -1 + 1 + w**2 - 10*w - 2. Calculate i(10).
-2
Let i(y) = -3*y + 1. Let j(x) = -x**3 - 8*x**2 - 8*x - 8. Let z be j(-7). Give i(z).
4
Let z(k) = -k**3 - 3*k**2 + 3*k + 1. Suppose 1 - 3 = -2*t. Let p = 23 + -10. Suppose -t = -3*y - p. Determine z(y).
5
Let a(y) = y - 11. Suppose 4*u - 13 = 3, 20 = 2*z + 5*u. Give a(z).
-11
Let p(v) be the third derivative of v**5/12 + v**4/24 + v**3/6 + v**2. Let r(k) = -k**3 - 10*k + 7*k**2 + 5 + 2*k + k. Let s be r(6). Determine p(s).
5
Let i(k) = -k**2 - 6*k - 3. Let h(y) = -3*y - 10. Let g(p) = -5*p - 15. Let z be 4/(4/(-7)) - 1. Let a(j) = z*h(j) + 5*g(j). Let f be a(9). Calculate i(f).
5
Let p = 2 - 6. Let b(t) = 6*t + 8. Let g(y) = 7*y + 9. Let k(s) = p*g(s) + 5*b(s). Let j = 38 - 42. What is k(j)?
-4
Suppose 3*b - 2*b = -5*g - 19, 0 = -2*b + 3*g + 1. Let w(y) = -1 + y - 7*y - y**2 + 1 - 1. Give w(b).
7
Let h(s) = -s - 12. Let o be (2/(-6))/((-4)/(-84)). Calculate h(o).
-5
Let m(i) = 5*i + 11. Let x(f) = 4*f + 10. Let a(k) = 5*m(k) - 6*x(k). Calculate a(6).
1
Let o(y) be the second derivative of 2*y**4/3 + y**3/6 + 42*y. Calculate o(1).
9
Let o = 0 + 4. Let j(q) = q**2 - 2*q - 5. Give j(o).
3
Let q = 4 + 0. Suppose 0 = q*s - 1 - 15. Let o(j) = -s + 0*j + j + 2. What is o(2)?
0
Let q(p) = -p - 1. Let v be q(-4). Let j(m) = -3*m + 3. What is j(v)?
-6
Let c(m) = m**2 + 1. Let o(r) = r**3 - 9*r**2 + 7*r - 9. Let i(z) = -2*c(z) - o(z). Determine i(6).
1
Let n = 7 - 5. Suppose -3*s - n = -8. Suppose s*a + 3 = -a. Let c(r) = -12*r**3 - r**2 + r + 1. Calculate c(a).
11
Let j(s) be the third derivative of -s**5/60 + 5*s**4/24 + s**3/2 + 2*s**2. Let g(q) = q + 2. Let z be g(-3). Let w = 4 + z. Give j(w).
9
Let u(v) = 6*v**2 - 2*v**3 - 4*v - v + v**3. Let i(l) = -l**2 - 11*l - 13. Let w be i(-9). Suppose 0 = -3*m - 4*k + 11, w*k + 16 = 4*m - 9. Give u(m).
0
Let p(g) = -9*g**2 + 5*g**2 - g**3 + 7*g - 2*g**2 + 7. Calculate p(-7).
7
Let d(q) = -q + 7. Let k = 1 + -1. Suppose -2*n - n = k. Calculate d(n).
7
Suppose 0 = 4*j - 12, -4*q + 7*j - 2*j + 25 = 0. Let i = 17 + -10. Let z = q - i. Let y(o) = o**3 - 5*o**2 + 3*o + 3. Give y(z).
-6
Suppose 5*w + 2*p = 35, -3*p + 1 = 3*w - 29. Let o(h) = -7*h**2 - w + 2 - h**3 - 11*h + 4*h. Let l be o(-6). Let a(u) = u**2 - 4*u + 3. Calculate a(l).
0
Let x(s) = s**3 + 4*s**2 - 7*s - 7. Let j be x(-5). Let l(n) = n**3 - 3*n**2 + n - 2. Calculate l(j).
1
Let v(y) = -y. Let n(q) = 5*q + 1. Let t(r) = 9*r + 2. Let m(b) = -5*n(b) + 3*t(b). Let d(i) = -m(i) - 3*v(i). Determine d(3).
2
Let p(m) = -4*m + 3. Let v be p(2). Let c(d) = 0*d**2 + 3 + 9*d - 2*d + d**2. What is c(v)?
-7
Suppose j + 3*n + 12 = -0*j, 0 = -5*n - 20. Let h(u) = -u + 5 - u*